the hundred thousands digit of 2644800527?
8
What is the ten millions digit of 4645893893?
4
What is the ten thousands digit of 183395308?
9
What is the ten millions digit of 19037852?
1
What is the units digit of 2425990377?
7
What is the millions digit of 383003249?
3
What is the millions digit of 6730846859?
0
What is the thousands digit of 75035093?
5
What is the hundreds digit of 220913353?
3
What is the hundreds digit of 2093034376?
3
What is the units digit of 75769044?
4
What is the hundreds digit of 38493208?
2
What is the thousands digit of 213375649?
5
What is the ten thousands digit of 5711040224?
4
What is the millions digit of 1785873768?
5
What is the hundred thousands digit of 288130930?
1
What is the hundreds digit of 258520643?
6
What is the hundred millions digit of 2052434916?
0
What is the ten thousands digit of 19151833?
5
What is the ten millions digit of 17282892?
1
What is the units digit of 3431571794?
4
What is the hundred millions digit of 712032235?
7
What is the tens digit of 17223841?
4
What is the tens digit of 404917836?
3
What is the tens digit of 416674336?
3
What is the ten millions digit of 14920323?
1
What is the ten thousands digit of 151259184?
5
What is the millions digit of 3023145?
3
What is the tens digit of 4750842771?
7
What is the millions digit of 96321475?
6
What is the ten millions digit of 1089267675?
8
What is the hundreds digit of 56132190?
1
What is the hundred millions digit of 1160491145?
1
What is the hundred thousands digit of 44552998?
5
What is the tens digit of 199995580?
8
What is the ten millions digit of 117136812?
1
What is the hundred millions digit of 448012974?
4
What is the ten thousands digit of 3553219148?
1
What is the hundred millions digit of 1300819485?
3
What is the units digit of 54610133?
3
What is the ten thousands digit of 95877704?
7
What is the ten thousands digit of 104582854?
8
What is the thousands digit of 636528463?
8
What is the hundred millions digit of 907480769?
9
What is the millions digit of 10730579?
0
What is the tens digit of 44498800?
0
What is the hundred thousands digit of 700308575?
3
What is the tens digit of 183822708?
0
What is the ten millions digit of 74501184?
7
What is the ten millions digit of 162783444?
6
What is the ten thousands digit of 368521058?
2
What is the hundred thousands digit of 4995169236?
1
What is the hundred millions digit of 329295291?
3
What is the ten millions digit of 2505607447?
0
What is the thousands digit of 5515741979?
1
What is the millions digit of 1885103735?
5
What is the thousands digit of 96677554?
7
What is the millions digit of 600379547?
0
What is the ten millions digit of 77258817?
7
What is the ten thousands digit of 92014139?
1
What is the thousands digit of 341578032?
8
What is the thousands digit of 2973231?
3
What is the thousands digit of 365194952?
4
What is the millions digit of 101504248?
1
What is the hundreds digit of 900810053?
0
What is the units digit of 715832587?
7
What is the hundred thousands digit of 47554951?
5
What is the units digit of 1756189584?
4
What is the units digit of 35648217?
7
What is the ten thousands digit of 15584862?
8
What is the millions digit of 143086281?
3
What is the millions digit of 5954667?
5
What is the millions digit of 1298057204?
8
What is the hundred thousands digit of 35119361?
1
What is the ten millions digit of 1422300208?
2
What is the ten thousands digit of 2612086878?
8
What is the thousands digit of 96582969?
2
What is the thousands digit of 337165761?
5
What is the units digit of 232304767?
7
What is the ten thousands digit of 68529620?
2
What is the tens digit of 42364608?
0
What is the hundred millions digit of 110263506?
1
What is the millions digit of 507833545?
7
What is the ten millions digit of 1096368603?
9
What is the units digit of 184229827?
7
What is the hundred millions digit of 513058587?
5
What is the millions digit of 695386288?
5
What is the ten millions digit of 49258134?
4
What is the tens digit of 139702352?
5
What is the billions digit of 1584461311?
1
What is the billions digit of 1011037002?
1
What is the hundred millions digit of 880204742?
8
What is the hundred millions digit of 3108665470?
1
What is the hundreds digit of 6435238570?
5
What is the ten thousands digit of 59931467?
3
What is the units digit of 7000802068?
8
What is the units digit of 20745650?
0
What is the units digit of 5782705?
5
What is the hundreds digit of 1198781208?
2
What is the thousands digit of 39368202?
8
What is the ten millions digit of 122639459?
2
What is the billions digit of 2794726069?
2
What is the ten millions digit of 75336191?
7
What is the hundred thousands digit of 25720422?
7
What is the ten thousands digit of 412943946?
4
What is the ten millions digit of 1847434254?
4
What is the hundred millions digit of 1708633140?
7
What is the millions digit of 1286875374?
6
What is the ten thousands digit of 216069584?
6
What is the thousands digit of 314287?
4
What is the hundred millions digit of 161648225?
1
What is the ten millions digit of 1613795644?
1
What is the thousands digit of 87293803?
3
What is the units digit of 20963255?
5
What is the thousands digit of 350886619?
6
What is the tens digit of 60327623?
2
What is the ten millions digit of 79059969?
7
What is the ten thousands digit of 47410563?
1
What is the hundred millions digit of 663366088?
6
What is the hundred thousands digit of 3810424383?
4
What is the ten millions digit of 31286335?
3
What is the hundreds digit of 621346539?
5
What is the tens digit of 153357995?
9
What is the hundred thousands digit of 2445363640?
3
What is the ten thousands digit of 71110755?
1
What is the thousands digit of 2101740303?
0
What is the units digit of 258372686?
6
What is the tens digit of 472874370?
7
What is the hundred thousands digit of 83024480?
0
What is the ten thousands digit of 429157385?
5
What is the hundreds digit of 53474733?
7
What is the millions digit of 391610751?
1
What is the millions digit of 294335554?
4
What is the millions digit of 6857666?
6
What is the ten millions digit of 135407207?
3
What is the units digit of 63627482?
2
What is the ten thousands digit of 2414469499?
6
What is the ten thousands digit of 1872422669?
2
What is the hundreds digit of 81825679?
6
What is the hundred millions digit of 198806736?
1
What is the ten thousands digit of 102666885?
6
What is the billions digit of 3669719762?
3
What is the thousands digit of 1653216097?
6
What is the hundred thousands digit of 24999835?
9
What is the thousands digit of 44771813?
1
What is the units digit of 3160418?
8
What is the hundred thousands digit of 303424512?
4
What is the units digit of 28407271?
1
What is the ten thousands digit of 119559121?
5
What is the millions digit of 7900192076?
0
What is the hundred thousands digit of 364619070?
6
What is the thousands digit of 255761812?
1
What is the tens digit of 7970553449?
4
What is the thousands digit of 74515860?
5
What is the millions digit of 7155829547?
5
What is the ten millions digit of 231630082?
3
What is the tens digit of 1556288386?
8
What is the tens digit of 29444679?
7
What is the hundred thousands digit of 11417371?
4
What is the ten thousands digit of 417768701?
6
What is the ten thousands digit of 224449094?
4
What is the tens digit of 147048330?
3
What is the millions digit of 321052852?
1
What is the tens digit of 66560284?
8
What is the units digit of 7952817940?
0
What is the thousands digit of 1239404028?
4
What is the units digit of 5072819676?
6
What is the hundred millions digit of 692712954?
6
What is the ten millions digit of 54915606?
5
What is the hundred millions digit of 173582013?
1
What is the hundred millions digit of 1412423888?
4
What is the hundred millions digit of 798504017?
7
What is the hundred millions digit of 4981420565?
9
What is the ten thousands digit of 878310634?
1
What is the ten millions digit of 196067736?
9
What is the thousands digit of 9474933863?
3
What is the thousands digit of 1198795820?
5
What is the hundred thousands digit of 1287850?
2
What is the millions digit of 1783230299?
3
What is the ten millions digit of 762602692?
6
What is the hundreds digit of 2225849868?
8
What is the